1230233111
In base 6, what is 244 + -13005?
-12321
In base 14, what is 124 + 22c?
352
In base 7, what is -165663 + -12?
-166005
In base 8, what is 45 - -24232?
24277
In base 4, what is 0 + 113323102?
113323102
In base 9, what is 73140 - 16?
73123
In base 6, what is 203 + 4512?
5115
In base 7, what is -3 + 13226?
13223
In base 10, what is 335 + -659?
-324
In base 8, what is 10442 - -4?
10446
In base 6, what is -3 - 22040513?
-22040520
In base 11, what is 5 - 3a060?
-3a056
In base 2, what is -110100100000101111110 - -11?
-110100100000101111011
In base 14, what is -c8c - -19?
-c73
In base 3, what is -11 - -112010002100?
112010002012
In base 15, what is -e9e - -8?
-e96
In base 7, what is -16 + -204311?
-204330
In base 7, what is -4 + -430153?
-430160
In base 13, what is -1 + -8096?
-8097
In base 12, what is 11 - 1569?
-1558
In base 7, what is 164611 + -21?
164560
In base 8, what is 4265 + -23?
4242
In base 4, what is 130003223 + -2?
130003221
In base 7, what is 453560 + 53?
453643
In base 14, what is 185 + 63a?
7c1
In base 3, what is 1010 + 1122220212?
1122221222
In base 16, what is 0 - 2036?
-2036
In base 6, what is -522055122 + 0?
-522055122
In base 9, what is -11 + -6434?
-6445
In base 8, what is -6711614 - -2?
-6711612
In base 14, what is dd6 - -d?
1005
In base 2, what is -1 + -10001110110001000?
-10001110110001001
In base 6, what is -24 + -2440343?
-2440411
In base 8, what is -62627 - -2?
-62625
In base 13, what is b17 - -23?
b3a
In base 14, what is 6c - 746?
-6b8
In base 3, what is -1212001 - -12210?
-1122021
In base 8, what is -5 + 11460?
11453
In base 7, what is -205 + -12?
-220
In base 4, what is -1122210333 - 2?
-1122211001
In base 14, what is -10 + cc42?
cc32
In base 13, what is 2203361 + 1?
2203362
In base 15, what is -348 - 22?
-36a
In base 16, what is 38375 - -1?
38376
In base 11, what is -1813 - -4?
-180a
In base 6, what is 321413 + -5?
321404
In base 9, what is -16 + -17051?
-17067
In base 7, what is 20601 - 13?
20555
In base 8, what is 22 - 52741?
-52717
In base 5, what is -11 - -11300232?
11300221
In base 5, what is 21200 - -10?
21210
In base 2, what is 1011110 + -10000000?
-100010
In base 3, what is 12002202221 + 10?
12002210001
In base 3, what is 2211 + -1000200112?
-1000120201
In base 9, what is 132 - 774?
-642
In base 6, what is -121533 + -4?
-121541
In base 15, what is -541 + 458?
-d8
In base 16, what is -2c97 + -1?
-2c98
In base 13, what is 3 - 65403?
-65400
In base 3, what is -1120200112220 + -11?
-1120200120001
In base 7, what is -65 + 22132?
22034
In base 14, what is 2 + -255c?
-255a
In base 5, what is -1013 + -103222?
-104240
In base 15, what is -181d + -4e?
-186c
In base 11, what is 1370 + -10?
1360
In base 11, what is -13a + -4?
-143
In base 5, what is -304101 + 2312?
-301234
In base 15, what is -10c4 - bce?
-1ca3
In base 4, what is 11112 - -2000111?
2011223
In base 4, what is 10 + 10100320?
10100330
In base 3, what is -112111102 + -10?
-112111112
In base 14, what is 1b5d2 - a?
1b5c6
In base 9, what is 4345 - -106?
4452
In base 12, what is 8 - 2211?
-2205
In base 12, what is 16 + -1627a?
-16264
In base 15, what is -10877 - 3?
-1087a
In base 12, what is 1 - 233305?
-233304
In base 5, what is 1040 + -21430?
-20340
In base 12, what is 48942 - 5?
48939
In base 15, what is a0 + 62b?
6cb
In base 6, what is 0 - 233301?
-233301
In base 12, what is 18ab - 8?
18a3
In base 13, what is -4 + -74086?
-7408a
In base 4, what is 103011022 - 3?
103011013
In base 13, what is -15c0 - 78?
-1668
In base 2, what is 111101010 - 101010100?
10010110
In base 13, what is a9 - -75?
151
In base 10, what is -2 + 3718?
3716
In base 13, what is -25 + -5a?
-82
In base 4, what is -22321323 - 20?
-22322003
In base 11, what is -25a551 + 5?
-25a547
In base 7, what is 10646134 - 5?
10646126
In base 13, what is 1a09 - 44?
1995
In base 5, what is 2 + -1232303?
-1232301
In base 9, what is -52211 + -5?
-52216
In base 5, what is 2211 - 212302?
-210041
In base 2, what is 0 - 1100110100100000010?
-1100110100100000010
In base 12, what is bbb - -a?
1009
In base 2, what is -1011100010010 - 1001?
-1011100011011
In base 5, what is -233001 + 3?
-232443
In base 8, what is -377 + 21044?
20445
In base 3, what is 21220011122 + 12?
21220011211
In base 13, what is 146a + -1?
1469
In base 14, what is 0 - 7d441?
-7d441
In base 6, what is 41543251 - -11?
41543302
In base 9, what is 3021 + -128?
2782
In base 4, what is -110110 - 103?
-110213
In base 11, what is 273 + -13?
260
In base 7, what is 13 + 1061510?
1061523
In base 6, what is 43 - 20323?
-20240
In base 8, what is -10647 - 10?
-10657
In base 10, what is -14 - 220397?
-220411
In base 9, what is 170 - 275?
-105
In base 9, what is 155 + 3626?
3782
In base 7, what is -1663 - -364?
-1266
In base 9, what is 123 + -1013?
-780
In base 14, what is 3 + ac88?
ac8b
In base 15, what is -e0 + -14?
-104
In base 2, what is 11000110011011 - 1?
11000110011010
In base 8, what is 7 + 71005?
71014
In base 14, what is -79a3 - b?
-79b0
In base 16, what is 4f + -771?
-722
In base 13, what is 9c + -b04?
-a35
In base 2, what is -11001010010111100010 + 10?
-11001010010111100000
In base 6, what is 1510005 + 12?
1510021
In base 4, what is 232322 + 3212?
302200
In base 11, what is 1 + -4042?
-4041
In base 10, what is 1558 + -4?
1554
In base 10, what is -23289 + 13?
-23276
In base 7, what is 2 + 33221?
33223
In base 4, what is -20230 + 30?
-20200
In base 12, what is -1 + -1048a?
-1048b
In base 10, what is 254 - 455?
-201
In base 4, what is -23023 + -13000?
-102023
In base 11, what is 4 - -34906?
3490a
In base 16, what is -35d5 + -9?
-35de
In base 14, what is -dd - 35a?
-459
In base 5, what is 2 - 12330330?
-12330323
In base 13, what is -91c - -8?
-914
In base 16, what is -35d4 + -5?
-35d9
In base 15, what is 1620e + -8?
16206
In base 3, what is -10 - -1021200010012?
1021200010002
In base 12, what is -1b992 - 0?
-1b992
In base 11, what is 0 + -324907?
-324907
In base 6, what is 1140 + -4015?
-2435
In base 10, what is 3 - 14291?
-14288
In base 12, what is 71233 + 1?
71234
In base 16, what is 47 - d858?
-d811
In base 3, what is -2120000010 - -210?
-2112222100
In base 10, what is 627584 - -1?
627585
In base 4, what is 3331322321 + 3?
3331322330
In base 10, what is -1 - 6876?
-6877
In base 3, what is 111 + -11020202?
-11020021
In base 12, what is 2 + -296889?
-296887
In base 10, what is -4 - -2064?
2060
In base 7, what is 53340 - 21?
53316
In base 10, what is 79314 + -8?
79306
In base 16, what is b - -2c6?
2d1
In base 5, what is 14023 + -14002?
21
In base 14, what is -3cd29 + 5?
-3cd24
In base 7, what is -6 + -1034210?
-1034216
In base 14, what is -1 + 11066?
11065
In base 16, what is 5 + 1dfc2?
1dfc7
In base 12, what is 2821 - -19?
283a
In base 16, what is 295c3 - 4?
295bf
In base 7, what is 3624 + -14662?
-11035
In base 14, what is -2b + 63a?
60d
In base 4, what is -122213 + 12?
-122201
In base 12, what is 5 - -5aaba?
5ab03
In base 14, what is 178d + -10?
177d
In base 13, what is a6c - 35?
a37
In base 15, what is 3b09 - -1?
3b0a
In base 2, what is -11 + 11000011000110?
11000011000011
In base 9, what is -16 + -5265?
-5282
In base 12, what is ab2 + -71?
a41
In base 5, what is 2030 - -1103?
3133
In base 8, what is 7703 - 46?
7635
In base 8, what is 5 - 71610?
-71603
In base 5, what is -24100 + 44?
-24001
In base 13, what is -52 + 1459b?
14549
In base 11, what is -189824 - -1?
-189823
In base 8, what is -4 - 32541?
-32545
In base 5, what is 421201 + 44?
421300
In base 13, what is -357 - -1b3?
-174
In base 16, what is -2681e4 - 2?
-2681e6
In base 6, what is 1 - 42234542?
-42234541
In base 5, what is 4 + 40400200?
40400204
In base 14, what is 4 - -19396a?
193970
In base 14, what is -84757 - -3?
-84754
In base 11, what is 124991 + 11?
1249a2
In base 8, what is -1107001 - 5?
-1107006
In base 5, what is 301241 - -10?
301301
In base 16, what is -c + 69a?
68e
In base 12, what is -414196 + -4?
-41419a
In base 2, what is 1 + 101011001111010?
101011001111011
In base 3, what is -1000 - 1211022?
-1212022
In base 11, what is -99a + 31?
-969
In base 14, what is 69 + -85?
-1a
In base 9, what is 2 - 1035376?
-1035374
In base 14, what is -72a - -1b4?
-556
In base 5, what is 122 + -34220?
-34043
In base 8, what is -73 - 6627?
-6722
In base 11, what is -81a - 8?
-827
In b